2 - 88*v - 768. Determine u(-34).
-88
Let g(o) = 2*o**2 + 24197*o - 145251. Calculate g(6).
3
Let j(u) = 21*u + 10. Calculate j(1).
31
Let j(h) = h**2 + 54*h + 717. Determine j(-24).
-3
Let v(a) = 7*a - 58. Determine v(-18).
-184
Let l(x) = x**3 + 8*x**2 - 34*x + 162. Calculate l(-12).
-6
Let v(n) = -11*n - 242. Calculate v(-39).
187
Let u(b) = -b**3 - 26*b**2 + 362*b - 20. Determine u(10).
0
Let n(o) = 2*o**2 + 96*o + 829. Give n(-37).
15
Let b(t) = 22*t + 1459. Calculate b(-67).
-15
Let q(y) = 9*y - 294. Calculate q(29).
-33
Let r(c) = -c**3 + 42*c**2 + 1007*c + 52. Calculate r(-17).
-16
Let c(x) = -x**2 - 501*x + 13132. What is c(25)?
-18
Let b(h) = -h**2 - 8*h - 49. Give b(-20).
-289
Let k(y) = -2225*y + 53383. Determine k(24).
-17
Let u(k) = -2*k**2 + 75*k - 362. What is u(31)?
41
Let a(o) = -42*o + 888. Determine a(21).
6
Let r(j) = -8*j**2 + 33*j - 31. Calculate r(3).
-4
Let d(v) = 2*v**2 - 10*v + 40. What is d(8)?
88
Let v(d) = -3*d**2 - 28*d - 60. Give v(-3).
-3
Let w(u) = 75*u + 2491. Give w(-31).
166
Let g(x) = 1656*x - 11483. Determine g(7).
109
Let f(a) = 30*a**2 - 2427*a - 247. Determine f(81).
-4
Let c(k) = k**3 - 84*k**2 - 179*k - 553. Determine c(86).
-1155
Let z(b) = -52*b - 574. Calculate z(-12).
50
Let q(x) = x**3 - 51*x**2 - 12*x + 616. Determine q(51).
4
Let s(o) = 7*o**2 - 17*o + 162. Calculate s(6).
312
Let l(p) = p**3 - 8*p**2 + 25*p - 23. What is l(5)?
27
Let z(d) = d**3 - 89*d**2 - 275*d - 89. Give z(92).
3
Let x(z) = -z**2 - 49*z + 2183. Give x(28).
27
Let o(s) = -5*s + 109. Give o(10).
59
Let l(c) = -2*c**3 + 75*c**2 + 119*c - 102. Give l(39).
-24
Let d(w) = w**2 - 5*w - 194. Calculate d(-20).
306
Let r(y) = -19*y**2 + 7*y + 95. Calculate r(-6).
-631
Let s(y) = -6*y + 98. What is s(0)?
98
Let j(g) = 1230*g - 4929. What is j(4)?
-9
Let j(l) = 7*l**2 + 12*l - 120. Calculate j(-5).
-5
Let p(k) = 2*k**3 + 98*k**2 - 22. Give p(-49).
-22
Let d(g) = 151*g - 2102. Determine d(17).
465
Let a(i) = 98*i + 571. Give a(-6).
-17
Let q(k) = -1108*k + 13277. Give q(12).
-19
Let n(y) = -y**3 + 27*y**2 - 29*y - 301. What is n(25)?
224
Let i(k) = 9*k**2 + 1361*k - 1074. What is i(-152)?
-10
Let v(r) = r**2 - 10*r - 582. Give v(-17).
-123
Let y(i) = -2*i**3 - 2*i**2 - 23*i - 344. What is y(0)?
-344
Let p(v) = 9*v + 57. What is p(-5)?
12
Let j(v) = 421*v - 1688. What is j(4)?
-4
Let z(o) = -o**2 - 517*o - 14603. Give z(-30).
7
Let l(d) = d**3 - 122*d**2 + 362*d - 14632. Determine l(120).
8
Let k(a) = -23*a - 2. Give k(2).
-48
Let r(d) = 2*d**3 - 12*d**2 - 9*d - 19. What is r(6)?
-73
Let k(i) = 5*i + 79. Determine k(-75).
-296
Let i(p) = 3017*p + 36201. What is i(-12)?
-3
Let s(b) = -2*b**3 - 20*b**2 - 21*b - 23. Calculate s(-9).
4
Let z(d) = d**3 + 16*d**2 + 35*d - 71. Determine z(-13).
-19
Let m(k) = -2*k**2 + 234*k - 1123. What is m(5)?
-3
Let h(v) = -27*v + 415. Give h(17).
-44
Let p(h) = 15*h**3 + 464*h**2 - 35*h - 119. What is p(-31)?
5
Let v(f) = -7*f - 433. Give v(-92).
211
Let m(i) = -2*i**2 - 7*i + 81. Calculate m(-16).
-319
Let x(k) = -4*k**2 + 513*k + 323. What is x(129)?
-64
Let h(m) = -39*m + 173. Give h(15).
-412
Let l(b) = -b**3 - b**2 + 48*b + 171. Calculate l(-6).
63
Let p(m) = m**2 - 2639*m + 13190. What is p(5)?
20
Let v(y) = -2*y**3 - 14*y**2 - 32*y - 33. Give v(-4).
-1
Let x(d) = -d**2 - 45*d + 93. Determine x(-44).
137
Let f(w) = w**3 - 10*w**2 + w - 9. Calculate f(10).
1
Let o(b) = 4*b**2 + 29*b + 82. Determine o(-3).
31
Let u(s) = -s**3 - 8*s**2 + 132*s - 26. Give u(8).
6
Let x(v) = -v**3 - 132*v**2 + 683*v - 261. Give x(-137).
13
Let w(x) = 2*x**2 + 69*x - 549. Determine w(-41).
-16
Let v(l) = -1281*l - 1226. What is v(-1)?
55
Let t(a) = -a**2 + 67*a - 903. Give t(16).
-87
Let a(n) = 3*n**2 - 531*n - 4403. What is a(-8)?
37
Let r(u) = u**2 - 34*u - 577. Calculate r(-12).
-25
Let j(f) = -78*f + 2785. What is j(37)?
-101
Let j(w) = 162*w**2 - 11*w - 29. What is j(-2)?
641
Let w(k) = 2*k**2 + 55*k - 396. Calculate w(6).
6
Let g(j) = 2*j**3 - 53*j**2 - 33*j + 115. Calculate g(27).
-47
Let r(h) = 45*h - 800. Give r(18).
10
Let w(z) = 33*z - 1082. What is w(33)?
7
Let a(g) = -34*g - 188. Determine a(-7).
50
Let p(q) = q**3 - 43*q**2 + 44*q + 14. Determine p(42).
98
Let o(b) = 6*b**2 - 5*b - 117. Determine o(5).
8
Let u(w) = w**2 - 109*w + 417. What is u(4)?
-3
Let l(o) = o**3 - 125*o**2 - o + 28. Calculate l(125).
-97
Let l(v) = -v**3 + 3*v**2 + 317*v + 34. Give l(0).
34
Let s(a) = 35*a - 641. Calculate s(25).
234
Let r(a) = -2*a**2 + 160*a - 2801. Calculate r(26).
7
Let n(g) = 2390*g - 11989. Calculate n(5).
-39
Let z(c) = -245*c + 731. Determine z(3).
-4
Let o(g) = -g**3 + 6*g**2 + 5*g - 5. What is o(5)?
45
Let f(q) = 1536*q - 6151. Calculate f(4).
-7
Let g(v) = 2*v**3 + 39*v**2 + 26*v + 39. Give g(-19).
-94
Let n(y) = -2*y - 96. What is n(-26)?
-44
Let y(w) = -w**3 - 23*w**2 - 15*w + 46. Calculate y(-2).
-8
Let p(o) = 3133*o + 34462. Calculate p(-11).
-1
Let o(n) = 23*n - 156. Calculate o(10).
74
Let r(o) = -o**3 + 5*o**2 + 9*o - 56. Calculate r(4).
-4
Let j(z) = 7*z**2 - 78*z + 450. Determine j(5).
235
Let z(a) = -a**2 + 54*a + 283. What is z(59)?
-12
Let a(y) = 6*y**2 - 635*y + 547. What is a(105)?
22
Let j(f) = 5*f**3 + 9*f**2 + 3*f - 28. Calculate j(3).
197
Let n(i) = -i**3 + 165*i**2 + 346*i - 1941. Calculate n(167).
63
Let v(a) = 172*a + 5818. What is v(-34)?
-30
Let c(w) = -w**2 + 38*w - 129. Determine c(3).
-24
Let p(b) = 12*b**2 - 41*b + 72. What is p(2)?
38
Let w(r) = 5*r**2 - 27. Determine w(-3).
18
Let j(q) = -19*q + 103. Determine j(-5).
198
Let n(f) = -55*f - 991. Give n(-18).
-1
Let d(w) = 9*w + 187. What is d(-17)?
34
Let q(o) = 7*o - 10. What is q(26)?
172
Let b(v) = 8*v**2 + 199*v - 78. Calculate b(-26).
156
Let s(y) = -365*y**2 - 21537*y - 78. Calculate s(-59).
40
Let t(n) = -137*n - 620. Calculate t(-4).
-72
Let x(h) = h**3 - 15*h**2 - 73*h - 11. What is x(19)?
46
Let v(j) = -j**3 + 9*j - 212. What is v(0)?
-212
Let g(r) = 41*r - 22. What is g(4)?
142
Let u(n) = n**3 + 24*n**2 + 3*n + 32. Calculate u(-24).
-40
Let a(b) = b**2 + 7*b - 57. Give a(-19).
171
Let j(k) = -85*k - 848. Calculate j(-10).
2
Let o(u) = u**2 + 581*u + 48090. Give o(-100).
-10
Let t(s) = s**2 + 6*s - 36. Calculate t(-16).
124
Let q(a) = -a**3 + 26*a**2 - 4*a + 103. What is q(26)?
-1
Let l(o) = 4*o + 53. Give l(-14).
-3
Let y(i) = i**3 - 2*i**2 - 10*i - 29. Calculate y(10).
671
Let r(l) = -5*l**3 - 195*l**2 + 12*l + 465. Calculate r(-39).
-3
Let x(q) = -1864*q - 7464. Give x(-4).
-8
Let o(p) = -5*p + 516. Determine o(28).
376
Let c(j) = -j**3 + 43*j**2 + 4*j + 22. Give c(43).
194
Let l(o) = o**2 + 1005*o + 2010. Give l(-2).
4
Let o(d) = -d**3 - 14*d**2 + 29*d - 37. What is o(-15)?
-247
Let b(c) = 19*c**3 + 10*c**2 - 38*c - 48. Give b(-1).
-19
Let v(c) = 10*c + 4. Give v(-18).
-176
Let j(r) = 2*r**2 - 25*r - 142. Determine j(-5).
33
Let p(i) = -390*i - 65. Determine p(0).
-65
Let v(f) = -38*f - 734. Calculate v(-21).
64
Let c(x) = 13*x + 133. Calculate c(-16).
-75
Let y(x) = -80*x + 1387. What is y(17)?
27
Let m(t) = 71*t + 1778. Determine m(-25).
3
Let r(k) = 6*k**2 - 4*k - 1534. What is r(-16)?
66
Let k(w) = -2*w**2 + 25*w - 109. What is k(13)?
-122
Let c(k) = 14*k - 342. Determine c(36).
162
Let n(o) = o**3 - 20*o**2 + 37*o - 188. Determine n(19).
154
Let o(l) = -7*l + 6. What is o(3)?
-15
Let k(a) = 294*a - 3482. Give k(12).
46
Let q(i) = 32*i**2 + 207*i - 118. Give q(-7).
1
Let v(g) = g**2 - 53*g + 287. Give v(30).
-403
Let j(y) = -y**2 + 4*y + 68. Calculate j(15).
-97
Let w(d) = -98*d + 103. Calculate w(2).
-93
Let w(h) = 483*h - 3862. Calculate w(8).
2
Let f(i) = 2*i**2 - 70*i + 25. Give f(34).
-43
Let a(g) = 6*g**2 + 556*g + 419. Calculate a(-92).
51
Let q(s) = 3*s**2 - 11*s + 2. Determine q(-3).
62
Let t(d) = d**3 - 27*d**2 + 145*d - 253. Calculate t(20).
-153
Let i(a) = a**2 - 14*a + 14. Calculate i(7).
-35
Let h(c) = -2*c**2 + 107*c + 3715. Calculate h(-24).
-5
Let l(i) = -i**2 - 113*i + 3952. Give l(-141).
4
Let q(d) = d**3 - 18*d**2 + 36*d + 15. Calculate q(16).
79
Let v(r) = -r**2 + 79*r - 56. Give v(78).
22
Let u(h) = -10*h**2 + 243*h + 44. Determine u(24).
116
Let n(m) = 8*m - 91. What is n(18)?
53
Let x(k) = -22*k**2 - 508*k - 57. Give x(-23).
-11
Let g(i) = -i**3 - 79*i**2 - 244*i - 1249. Give g(-76).
-